{"id":2,"date":"2014-03-24T20:15:16","date_gmt":"2014-03-24T18:15:16","guid":{"rendered":"http:\/\/schlosswirt-klagenfurt.at\/?page_id=2"},"modified":"2026-04-17T09:08:48","modified_gmt":"2026-04-17T07:08:48","slug":"beispiel-seite","status":"publish","type":"page","link":"http:\/\/schlosswirt-klagenfurt.at\/","title":{"rendered":"SCHLOSSWIRT"},"content":{"rendered":"\n<p style=\"font-size:17px;text-align:center\" class=\"has-text-color has-background has-vivid-red-color has-text-align-center\"><strong>\u2764 Liebe G\u00e4ste\u2764<\/strong><br>Danke f\u00fcr den Besuch unserer Seite!<br>Familie Egger &amp; Team <\/p>\n\n\n\n<!--<p style=\"background-color:#bdff05;text-align:center\" class=\"has-text-color has-background has-medium-font-size has-very-dark-gray-color\"><strong>\u2764 Liebe G\u00e4ste\u2764<\/strong><br>Karwoche ge\u00e4nderte \u00d6ffnungszeiten: vom Montag 30.3. bis Donnerstag 2.4.26<br>K\u00fcche von 15.00 bis 21.00 Sperrstunde ca.22.00 <br>Vom Karfreitag bis Ostermontag geschlossen <br>Ab 7.4.25 gelten wieder <br>unsere \u00fcblichen \u00d6ffnungszeiten!<br>Familie Egger &amp; Team <\/p>-->\n\n\n\n<!--<p style=\"background-color:#f5ce42;text-align:center\" class=\"has-text-color has-background has-medium-font-size has-vivid-red-color\"><strong>\u2764 Liebe G\u00e4ste\u2764<\/strong><br>Ge\u00e4nderte \u00d6ffnungszeiten vom 16.8. bis 30.8.2026<br> In dieser Zeit ist unsere K\u00fcche <br>von Montag bis Freitag <br>von 16.00 bis 21.00<br>f\u00fcr Sie ge\u00f6ffnet!<br> Samstags und Sonntags geschlossen<br> Ab 1.9.25 gelten wieder <br>unsere \u00fcblichen \u00d6ffnungszeiten!<br>Familie Egger &amp; Team <\/p>-->\n\n\n\n\n\n<!--<p class=\"has-text-align-center has-medium-font-size\"><strong>\u2764 Liebe G\u00e4ste\u2764<\/strong><br>Heute Allerseelen wegen Renovierungsarbeiten GESCHLOSSEN!<br>Wir sind Montag den 4.11.2024 wieder f\u00fcr Euch da!<br>Familie Egger &amp; Team <\/p>-->\n\n\n\n<!--<pre class=\"wp-block-code has-text-color has-background has-link-color has-medium-font-size\" style=\"color:#053200;background-color:#f90707c7;text-transform:none\"><code><strong>\ud83d\udc9aLiebe G\u00e4ste\ud83d\udc9a\nBis 6.J\u00e4nner haben wir Weihnachts-Urlaub!\nFrohe Weihnachten und ein Gesegntetes Neues Jahr\nw\u00fcnschen Familie Egger &amp;Team<\/strong><\/code><\/pre>\n\n\n\n<!--<p style=\"background-color:#f7938d;font-size:24px;text-align:center\" class=\"has-text-color has-background has-vivid-red-color has-text-align-center\"><strong>\u2764 Liebe G\u00e4ste\u2764<\/strong><br>Unser Urlaub ist vorbei<br> wir sind wieder f\u00fcr Euch da!<br>Familie Egger &amp; Team <\/p>-->\n\n\n\n<!--<p style=\"background-color:#f7938d;text-align:center\" class=\"has-text-color has-background has-medium-font-size has-vivid-red-color has-text-align-center\"><strong>\u2764 Liebe G\u00e4ste\u2764<\/strong><br><strong>Wir haben bis 6. J\u00e4nner 2025 Weihnachtsurlaub<\/strong><br>Ab 7. J\u00e4nner 2025 sind wir wieder f\u00fcr Euch da.<br>Frohe Weihnachten und ein gesegnetes Neues Jahr w\u00fcnschen <br>Familie Egger &amp; Team <\/p>-->\n\n\n\n<p class=\"has-text-align-center has-vivid-red-color has-very-dark-gray-color has-very-light-gray-background-color has-text-color has-background\" style=\"font-size:19px\"><strong>K\u00fcchenzeiten &amp; Abholzeiten \/ \u00d6ffnungszeiten<\/strong>:<br> <strong>Montag-Freitag<\/strong> <strong>K\u00fcche<\/strong>: durchgehend bis 21.00  <br><strong>Offen<\/strong> bis ca. 22.00 <br> <strong>Samstag  K\u00fcche: <\/strong>bis 15.00<br><strong>Offen<\/strong> \u200bbis ca.16.00<br><strong>Sonn &amp; Feiertag: ist geschlossen<\/strong><br><strong>G\u00e4stezimmer: <\/strong> Ganzj\u00e4hrig<\/p>\n\n\n\n<!--<p style=\"font-size:22px;text-align:center\" class=\"has-background has-luminous-vivid-orange-background-color\"><strong>MitarbeiterIn-en im Service gesucht. <br><\/strong> <strong>Teilzeit<\/strong> oder <strong>Geringf\u00fcgig<\/strong><br><strong>Arbeitszeit Montag-Freitag <\/strong><br><strong>Dienstbeginn: zwischen 16 und 18 Uhr <\/strong><br><strong>Dienstende bis ca.22 Uhr<br> Samstag von 9.00 bis 16.00 <\/strong><br>+43 650 2632552<\/p>-->\n\n\n\n<p class=\"has-text-align-center has-very-dark-gray-color has-text-color has-medium-font-size\"><strong>Rufen Sie uns an<\/strong>: <br>Montag bis Freitag 7.00-22.00<br>Samstag 8.00-16.00 und Sonntag 8.00-11.00 <\/p>\n\n\n\n<!--<p class=\"has-text-align-center has-very-dark-gray-color has-text-color has-medium-font-size\"><strong>Rufen Sie uns an<\/strong>: <br>Montag bis Freitag 9.00-21.00<br><\/p>-->\n\n\n\n<div class=\"wp-block-button aligncenter\"><a class=\"wp-block-button__link has-vivid-red-background-color has-background wp-element-button\" href=\"tel:+436502632552\">+43 (0) 650 26 32 55 2<\/a><\/div>\n\n\n\n<div class=\"wp-block-button aligncenter\"><a class=\"wp-block-button__link has-very-light-gray-color has-vivid-red-background-color has-text-color has-background wp-element-button\" href=\"http:\/\/schlosswirt-klagenfurt.at\/?page_id=12\"> D I R E K T &#8211; BUCHUNG &#8211; G\u00e4stezimmer<\/a><\/div>\n\n\n\n<div class=\"wp-block-button aligncenter\"><a class=\"wp-block-button__link has-very-light-gray-color has-vivid-red-background-color has-text-color has-background wp-element-button\" href=\"mailto:office@schlosswirt-klagenfurt.at\"> Mail: f\u00fcr G\u00e4stezimmer &amp; Sonstige Anfragen  <\/a><\/div>\n\n\n\n<div class=\"wp-block-columns is-layout-flex wp-container-core-columns-is-layout-9d6595d7 wp-block-columns-is-layout-flex\">\n<div class=\"wp-block-column is-layout-flow wp-block-column-is-layout-flow\" style=\"flex-basis:100%\"><\/div>\n<\/div>\n\n\n\n<p class=\"has-text-align-center\">Aktualisiert am 17. April 2026<br>Preise ohne Gew\u00e4hr. Es gilt der Preis vor Ort!<\/p>\n\n\n<div class=\"wp-block-image\">\n<figure class=\"aligncenter size-full is-resized\"><a href=\"http:\/\/schlosswirt-klagenfurt.at\/wp-content\/uploads\/2026\/04\/Speisekarte-2026-04-17.jpg\"><img loading=\"lazy\" decoding=\"async\" width=\"551\" height=\"766\" src=\"http:\/\/schlosswirt-klagenfurt.at\/wp-content\/uploads\/2026\/04\/Speisekarte-2026-04-17.jpg\" alt=\"\" class=\"wp-image-3115\" style=\"width:552px;height:auto\" srcset=\"http:\/\/schlosswirt-klagenfurt.at\/wp-content\/uploads\/2026\/04\/Speisekarte-2026-04-17.jpg 551w, http:\/\/schlosswirt-klagenfurt.at\/wp-content\/uploads\/2026\/04\/Speisekarte-2026-04-17-320x445.jpg 320w, http:\/\/schlosswirt-klagenfurt.at\/wp-content\/uploads\/2026\/04\/Speisekarte-2026-04-17-540x751.jpg 540w\" sizes=\"auto, (max-width: 551px) 100vw, 551px\" \/><\/a><\/figure><\/div>\n\n<div class=\"wp-block-image\">\n<figure class=\"aligncenter size-full\"><a href=\"http:\/\/schlosswirt-klagenfurt.at\/wp-content\/uploads\/2026\/01\/Speisekarte-S2-2026-02-21.jpg\"><img loading=\"lazy\" decoding=\"async\" width=\"561\" height=\"777\" src=\"http:\/\/schlosswirt-klagenfurt.at\/wp-content\/uploads\/2026\/01\/Speisekarte-S2-2026-02-21.jpg\" alt=\"\" class=\"wp-image-2969\" srcset=\"http:\/\/schlosswirt-klagenfurt.at\/wp-content\/uploads\/2026\/01\/Speisekarte-S2-2026-02-21.jpg 561w, http:\/\/schlosswirt-klagenfurt.at\/wp-content\/uploads\/2026\/01\/Speisekarte-S2-2026-02-21-320x443.jpg 320w, http:\/\/schlosswirt-klagenfurt.at\/wp-content\/uploads\/2026\/01\/Speisekarte-S2-2026-02-21-540x748.jpg 540w\" sizes=\"auto, (max-width: 561px) 100vw, 561px\" \/><\/a><\/figure><\/div>\n\n<div class=\"wp-block-image\">\n<figure class=\"aligncenter size-full\"><a href=\"http:\/\/schlosswirt-klagenfurt.at\/wp-content\/uploads\/2026\/01\/Speisekarte-Seite-3-2026-01-16-1.jpg\"><img loading=\"lazy\" decoding=\"async\" width=\"558\" height=\"781\" src=\"http:\/\/schlosswirt-klagenfurt.at\/wp-content\/uploads\/2026\/01\/Speisekarte-Seite-3-2026-01-16-1.jpg\" alt=\"\" class=\"wp-image-2961\" srcset=\"http:\/\/schlosswirt-klagenfurt.at\/wp-content\/uploads\/2026\/01\/Speisekarte-Seite-3-2026-01-16-1.jpg 558w, http:\/\/schlosswirt-klagenfurt.at\/wp-content\/uploads\/2026\/01\/Speisekarte-Seite-3-2026-01-16-1-320x448.jpg 320w, http:\/\/schlosswirt-klagenfurt.at\/wp-content\/uploads\/2026\/01\/Speisekarte-Seite-3-2026-01-16-1-540x756.jpg 540w\" sizes=\"auto, (max-width: 558px) 100vw, 558px\" \/><\/a><\/figure><\/div>\n\n<div class=\"wp-block-image\">\n<figure class=\"aligncenter size-full is-resized\"><a href=\"http:\/\/schlosswirt-klagenfurt.at\/wp-content\/uploads\/2026\/03\/Bild-Ostern-2026-klein.jpeg\"><img loading=\"lazy\" decoding=\"async\" width=\"240\" height=\"320\" src=\"http:\/\/schlosswirt-klagenfurt.at\/wp-content\/uploads\/2026\/03\/Bild-Ostern-2026-klein.jpeg\" alt=\"\" class=\"wp-image-3047\" style=\"width:302px;height:auto\"\/><\/a><\/figure><\/div>\n\n<div class=\"wp-block-image\">\n<figure class=\"aligncenter size-full\"><a href=\"http:\/\/schlosswirt-klagenfurt.at\/wp-content\/uploads\/2025\/11\/Pizza-2025-11-28.jpg\"><img loading=\"lazy\" decoding=\"async\" width=\"456\" height=\"616\" src=\"http:\/\/schlosswirt-klagenfurt.at\/wp-content\/uploads\/2025\/11\/Pizza-2025-11-28.jpg\" alt=\"\" class=\"wp-image-2889\" srcset=\"http:\/\/schlosswirt-klagenfurt.at\/wp-content\/uploads\/2025\/11\/Pizza-2025-11-28.jpg 456w, http:\/\/schlosswirt-klagenfurt.at\/wp-content\/uploads\/2025\/11\/Pizza-2025-11-28-320x432.jpg 320w\" sizes=\"auto, (max-width: 456px) 100vw, 456px\" \/><\/a><\/figure><\/div>\n\n<div class=\"wp-block-image\">\n<figure class=\"aligncenter size-full\"><a href=\"http:\/\/schlosswirt-klagenfurt.at\/wp-content\/uploads\/2026\/03\/Speisekarte-Salat-Imbisse-2026-03-18.jpg\"><img loading=\"lazy\" decoding=\"async\" width=\"557\" height=\"747\" src=\"http:\/\/schlosswirt-klagenfurt.at\/wp-content\/uploads\/2026\/03\/Speisekarte-Salat-Imbisse-2026-03-18.jpg\" alt=\"\" class=\"wp-image-3066\" srcset=\"http:\/\/schlosswirt-klagenfurt.at\/wp-content\/uploads\/2026\/03\/Speisekarte-Salat-Imbisse-2026-03-18.jpg 557w, http:\/\/schlosswirt-klagenfurt.at\/wp-content\/uploads\/2026\/03\/Speisekarte-Salat-Imbisse-2026-03-18-320x429.jpg 320w, http:\/\/schlosswirt-klagenfurt.at\/wp-content\/uploads\/2026\/03\/Speisekarte-Salat-Imbisse-2026-03-18-540x724.jpg 540w\" sizes=\"auto, (max-width: 557px) 100vw, 557px\" \/><\/a><\/figure><\/div>\n\n<div class=\"wp-block-image\">\n<figure class=\"aligncenter size-full\"><a href=\"http:\/\/schlosswirt-klagenfurt.at\/wp-content\/uploads\/2026\/03\/Speisekarte-Jause-2026-03-28.jpg\"><img loading=\"lazy\" decoding=\"async\" width=\"561\" height=\"764\" src=\"http:\/\/schlosswirt-klagenfurt.at\/wp-content\/uploads\/2026\/03\/Speisekarte-Jause-2026-03-28.jpg\" alt=\"\" class=\"wp-image-3087\" srcset=\"http:\/\/schlosswirt-klagenfurt.at\/wp-content\/uploads\/2026\/03\/Speisekarte-Jause-2026-03-28.jpg 561w, http:\/\/schlosswirt-klagenfurt.at\/wp-content\/uploads\/2026\/03\/Speisekarte-Jause-2026-03-28-320x436.jpg 320w, http:\/\/schlosswirt-klagenfurt.at\/wp-content\/uploads\/2026\/03\/Speisekarte-Jause-2026-03-28-540x735.jpg 540w\" sizes=\"auto, (max-width: 561px) 100vw, 561px\" \/><\/a><\/figure><\/div>\n\n\n<!--<div class=\"wp-block-image\"><figure class=\"aligncenter\"><img loading=\"lazy\" decoding=\"async\" width=\"488\" height=\"366\" src=\"http:\/\/schlosswirt-klagenfurt.at\/wp-content\/uploads\/2021\/04\/S\u00fc\u00dfe-Speisen-f\u00fcr-Website-April-2021.jpg\" alt=\"\" class=\"wp-image-1104\" srcset=\"http:\/\/schlosswirt-klagenfurt.at\/wp-content\/uploads\/2021\/04\/S\u00fc\u00dfe-Speisen-f\u00fcr-Website-April-2021.jpg 488w, http:\/\/schlosswirt-klagenfurt.at\/wp-content\/uploads\/2021\/04\/S\u00fc\u00dfe-Speisen-f\u00fcr-Website-April-2021-320x240.jpg 320w\" sizes=\"auto, (max-width: 488px) 100vw, 488px\" \/><figcaption>Dessertkarte S\u00fc\u00dfspeisen  2022<\/figcaption><\/figure><\/div>\n\n\n\n<p class=\"has-text-align-center\">\n\nPreise ohne Gew\u00e4hr. Es gilt der Preis vor Ort!\n\n<\/p>\n\n\n\n<!--<div class=\"wp-block-image\"><figure class=\"aligncenter is-resized\"><img loading=\"lazy\" decoding=\"async\" src=\"http:\/\/schlosswirt-klagenfurt.at\/wp-content\/uploads\/2020\/12\/Suppeneinlage-Grammerln-Abholen-V1-2020-1.jpg\" alt=\"\" class=\"wp-image-772\" width=\"555\" height=\"303\" srcset=\"http:\/\/schlosswirt-klagenfurt.at\/wp-content\/uploads\/2020\/12\/Suppeneinlage-Grammerln-Abholen-V1-2020-1.jpg 506w, http:\/\/schlosswirt-klagenfurt.at\/wp-content\/uploads\/2020\/12\/Suppeneinlage-Grammerln-Abholen-V1-2020-1-320x175.jpg 320w\" sizes=\"auto, (max-width: 555px) 100vw, 555px\" \/><\/figure><\/div>-->p&gt;&#8211;&gt;\n\n\n\n<!--<p style=\"text-align:center\"><p class=\"has-text-align-center\"> Wie funktioniert die Bestellung?<br>1. Anrufen unter  Tel.: Klick\u21d2 <strong><a href=\"tel:+436502632552\"> +43 (0)650 26 32 55 2<\/a>  <\/strong>   <br>oder vor Ort bestellen.<br>2. Anfahrt zum Schlosswirt <br>3. \u00dcbergabe der Bestellung am Haupteingang<br>4. F\u00fcr Ihre und unsere Gesundheit:<br>    Bitte Abstand halten und Schutzmaske tragen <\/p><\/p>-->\n\n\n\n<!--<p style=\"text-align:center\"><p class=\"has-text-align-center\" style=\"font-size:23px\"><br>Wir nehmen unsere Verantwortung gegen\u00fcber<br> unseren G\u00e4sten und MitarbeiterInnen sehr ernst<br>und bitten auch Sie um Mithilfe.<br>Bleibt gesund <br><br> <strong>Auf baldiges Wiedersehen <\/strong><br><strong> <\/strong>Familie Egger &amp; Team <\/p><\/p>-->\n\n\n\n<p><\/p>\n\n\n\n<p style=\"text-align:center\" class=\"has-medium-font-size\"><p class=\"has-text-align-center has-medium-font-size\"><strong>Telefonisch erreichen Sie uns<\/strong>: <br> <a href=\"tel:+4346341621\">Telefon <\/a> Klick\u21d2 <strong><a href=\"tel:+436502632552\"> +43 (0)650 26 32 55 2<\/a>  <\/strong> <\/p><\/p>\n\n\n\n<!--<h3 style=\"text-align:center\">Wir sind wieder f\u00fcr Sie da\ud83d\ude0a<br>\ud83c\udf1eVorbei ist der Betriebsurlaub!<\/h3>-->\n\n\n\n<p style=\"text-align:center\" class=\"has-medium-font-size\"><p class=\"has-text-align-center has-medium-font-size\">\n\nMail:<a rel=\"noreferrer noopener\" href=\"mailto:office@schlosswirt-klagenfurt.at\" target=\"_blank\">office@schlosswirt-klagenfurt.at<\/a><\/p><\/p>\n\n\n\n<!--<p style=\"text-align:center\" class=\"has-medium-font-size has-text-align-center\"><strong><s>Laut gesetzlicher Vorgabe GG<br> Bitte mit Mund-Nasen-Schutz<\/s><\/strong><\/p>-->\n\n\n\n<!--<p style=\"background-color:#f7938d;font-size:24px;text-align:center\" class=\"has-text-color has-background has-vivid-red-color has-text-align-center\"><strong>\u2764 Liebe G\u00e4ste\u2764<\/strong><br>Wir haben bis 8.J\u00e4nner 2023 Urlaub.<br>Am 9. J\u00e4nner 2023 sind wir wieder f\u00fcr Sie da.<br>Ein gesegnetes Neues Jahr w\u00fcnschen<br>Familie Egger &amp; Team <\/p>-->\n\n\n\n<p><\/p>\n","protected":false},"excerpt":{"rendered":"<p>\u2764 Liebe G\u00e4ste\u2764Danke f\u00fcr den Besuch unserer Seite!Familie Egger &amp; Team K\u00fcchenzeiten &amp; Abholzeiten \/ \u00d6ffnungszeiten: Montag-Freitag K\u00fcche: durchgehend bis 21.00 Offen bis ca. 22.00 Samstag K\u00fcche: bis 15.00Offen \u200bbis ca.16.00Sonn &amp; Feiertag: ist geschlossenG\u00e4stezimmer: Ganzj\u00e4hrig Rufen Sie uns an: Montag bis Freitag 7.00-22.00Samstag 8.00-16.00 und Sonntag 8.00-11.00 Aktualisiert am 17. April 2026Preise ohne Gew\u00e4hr&#8230;. <a class=\"more\" href=\"http:\/\/schlosswirt-klagenfurt.at\/\">Continue reading &rarr;<\/a><\/p>\n","protected":false},"author":1,"featured_media":258,"parent":0,"menu_order":1,"comment_status":"closed","ping_status":"closed","template":"fullwidth-page.php","meta":{"footnotes":""},"class_list":["post-2","page","type-page","status-publish","has-post-thumbnail","hentry"],"_links":{"self":[{"href":"http:\/\/schlosswirt-klagenfurt.at\/index.php?rest_route=\/wp\/v2\/pages\/2","targetHints":{"allow":["GET"]}}],"collection":[{"href":"http:\/\/schlosswirt-klagenfurt.at\/index.php?rest_route=\/wp\/v2\/pages"}],"about":[{"href":"http:\/\/schlosswirt-klagenfurt.at\/index.php?rest_route=\/wp\/v2\/types\/page"}],"author":[{"embeddable":true,"href":"http:\/\/schlosswirt-klagenfurt.at\/index.php?rest_route=\/wp\/v2\/users\/1"}],"replies":[{"embeddable":true,"href":"http:\/\/schlosswirt-klagenfurt.at\/index.php?rest_route=%2Fwp%2Fv2%2Fcomments&post=2"}],"version-history":[{"count":1414,"href":"http:\/\/schlosswirt-klagenfurt.at\/index.php?rest_route=\/wp\/v2\/pages\/2\/revisions"}],"predecessor-version":[{"id":3116,"href":"http:\/\/schlosswirt-klagenfurt.at\/index.php?rest_route=\/wp\/v2\/pages\/2\/revisions\/3116"}],"wp:featuredmedia":[{"embeddable":true,"href":"http:\/\/schlosswirt-klagenfurt.at\/index.php?rest_route=\/wp\/v2\/media\/258"}],"wp:attachment":[{"href":"http:\/\/schlosswirt-klagenfurt.at\/index.php?rest_route=%2Fwp%2Fv2%2Fmedia&parent=2"}],"curies":[{"name":"wp","href":"https:\/\/api.w.org\/{rel}","templated":true}]}}